e 13, what is 28b - 5670?
-53b2
In base 4, what is 30203022223000 - -10?
30203022223010
In base 5, what is 20 + 40122042?
40122112
In base 9, what is -262814342 - 2?
-262814344
In base 3, what is -10122101220012110002 + 0?
-10122101220012110002
In base 6, what is 45114 - 105444?
-20330
In base 16, what is -99 + 4426c?
441d3
In base 8, what is 5 - 1674460?
-1674453
In base 10, what is -12 + 1147721?
1147709
In base 12, what is 9465222 - -6?
9465228
In base 4, what is -1 + -10313233331222?
-10313233331223
In base 16, what is 22d27 + -103?
22c24
In base 8, what is -3 + 41113104?
41113101
In base 4, what is -1310313 + 100231322?
32321003
In base 16, what is 1 - 1483a22?
-1483a21
In base 9, what is 1502 - 21381?
-18778
In base 7, what is 11211011 - 165?
11210513
In base 12, what is b49ba9 - -8?
b49bb5
In base 10, what is -21856 - 7?
-21863
In base 7, what is 416 - -12504341?
12505060
In base 3, what is 22220110101021 + 20?
22220110101111
In base 11, what is 62aa6 - 49?
62a58
In base 14, what is -4 + 4b67a66?
4b67a62
In base 16, what is 3 + -3d109cb?
-3d109c8
In base 10, what is 348 - -182215?
182563
In base 11, what is -3 + -938827?
-93882a
In base 4, what is -21 + 2231113333?
2231113312
In base 6, what is 112324 - 33022?
35302
In base 13, what is -54 + -627b12?
-627b66
In base 12, what is -2b7 + -1861b?
-18916
In base 13, what is -31891 + 21c?
-31672
In base 11, what is -248193a5 - -3?
-248193a2
In base 7, what is -303632506 + -22?
-303632531
In base 5, what is -3020213424 + 24?
-3020213400
In base 11, what is -18 + 1859555?
1859538
In base 9, what is -13018121 - -1?
-13018120
In base 16, what is 3391e05 + 5?
3391e0a
In base 12, what is 5 - -592b372?
592b377
In base 12, what is 83 + 7a6235?
7a62b8
In base 8, what is -2454374 - 335?
-2454731
In base 9, what is 1 - 16073351?
-16073350
In base 11, what is 38 - aa649?
-aa611
In base 13, what is -322533 - -13?
-322520
In base 15, what is 3 - -6ccb0e?
6ccb12
In base 13, what is -5 + 301331?
301329
In base 11, what is 131607a3 + 3?
131607a6
In base 5, what is 102020430304 - 12?
102020430242
In base 12, what is -9 + 8a0142?
8a0135
In base 2, what is 110101101010011101 + -10?
110101101010011011
In base 11, what is 1308 + 226755?
227a62
In base 13, what is 5 + 140994a5?
140994aa
In base 6, what is 2333022 + 10001?
2343023
In base 14, what is -23 + -4aa32?
-4aa55
In base 8, what is 16 + 16611162?
16611200
In base 5, what is -11 + 1023100234?
1023100223
In base 6, what is -22 - -204205105?
204205043
In base 15, what is db + -2eb55?
-2ea69
In base 6, what is -331 + -2010323?
-2011054
In base 10, what is -5 + -27287128?
-27287133
In base 6, what is 43501 - -32452?
120353
In base 7, what is -142064634 + 24?
-142064610
In base 5, what is 10 + -130034043041?
-130034043031
In base 12, what is 83 + -664112?
-66404b
In base 10, what is -789 - -22017?
21228
In base 3, what is 1102221022102 - 10220?
1102221011112
In base 3, what is -10212 + -11121110221?
-11121121210
In base 2, what is 11001110100011001010111 - 1010111?
11001110100011000000000
In base 15, what is -3a30bb76 - 2?
-3a30bb78
In base 10, what is -92185129 - 3?
-92185132
In base 2, what is 111111110011110010000011 + 100?
111111110011110010000111
In base 2, what is 1111000011000111 + -1010000110?
1110111001000001
In base 14, what is 3 + -21da58b?
-21da588
In base 15, what is -368 - 963a?
-99a3
In base 7, what is -10063326 + 23?
-10063303
In base 2, what is -10000 - 100001111101101011011?
-100001111101101101011
In base 13, what is -c1a9 - 115?
-c2c1
In base 14, what is -89 + -37ad6?
-37b81
In base 16, what is 1 - 163a34?
-163a33
In base 9, what is -256002 + -185?
-256187
In base 7, what is -151 - 60005?
-60156
In base 6, what is -3302 + 20143?
12441
In base 10, what is -2001 + 1979?
-22
In base 6, what is 342224351 - 10?
342224341
In base 11, what is 1348 + -5817?
-447a
In base 11, what is -29333490 - 2?
-29333492
In base 15, what is 68a - a2a?
-390
In base 15, what is d0a54 + 15?
d0a69
In base 8, what is -2 + -15240134?
-15240136
In base 16, what is 2 + -54dcba?
-54dcb8
In base 3, what is -1022210010200200 - 2?
-1022210010200202
In base 9, what is 160806402 + -1?
160806401
In base 11, what is -637993 - -2?
-637991
In base 9, what is 237106725 - -3?
237106728
In base 14, what is -3ac6b0b7 + 1?
-3ac6b0b6
In base 6, what is 151023304 + 143?
151023451
In base 2, what is 100010111100 + -110101000110?
-10010001010
In base 16, what is -5397 - 85?
-541c
In base 11, what is -12 - -1480a8aa?
1480a898
In base 8, what is 324143 - -23?
324166
In base 16, what is -2af09b5 - -2?
-2af09b3
In base 6, what is 122553 + 33342?
200335
In base 13, what is 3aa531 - 3a?
3aa4c4
In base 9, what is -5422 - 5601?
-12123
In base 4, what is -1000221202311 + 32?
-1000221202213
In base 4, what is 110012202 - -21330?
110100132
In base 13, what is 44b59 + c2?
44c4b
In base 16, what is -12be6 + 879?
-1236d
In base 8, what is -15136 - 12611?
-27747
In base 3, what is -2 - 210101022100222?
-210101022101001
In base 16, what is 2629fd + d?
262a0a
In base 16, what is -10679b + 2?
-106799
In base 16, what is -72 - -38c0?
384e
In base 5, what is 23014 - -1113122?
1141141
In base 12, what is -7 - 65b5560?
-65b5567
In base 10, what is -4 + -1128940?
-1128944
In base 10, what is 268530 - -10?
268540
In base 11, what is 1 - 309a2206?
-309a2205
In base 2, what is -1010 + 1000001110111111010010110?
1000001110111111010001100
In base 2, what is -1110100001000100000000 + -1?
-1110100001000100000001
In base 12, what is 800469 + -10?
800459
In base 11, what is 4aa3097 - 16?
4aa3081
In base 11, what is a0237 + -4265?
96a82
In base 12, what is 267 + a170b?
a1976
In base 12, what is 2831 - -10261?
12a92
In base 6, what is -102412 + 23?
-102345
In base 13, what is 445a8 - -205?
447b0
In base 11, what is 48379 + 6?
48384
In base 11, what is 25091 - 548?
24644
In base 3, what is 10 + 201020221010122?
201020221010202
In base 2, what is -11011001000010000010110011010 + -100?
-11011001000010000010110011110
In base 12, what is 122933 - -b39?
123870
In base 15, what is -12 + 6718c4?
6718b2
In base 15, what is -5 - d4e3278?
-d4e327d
In base 9, what is -148413 - 507?
-150021
In base 16, what is -82 - -9824?
97a2
In base 11, what is -a89 - -13a0?
412
In base 4, what is 12133102213321 + 10?
12133102213331
In base 7, what is 2463456 - -6?
2463465
In base 8, what is 2 - 4323643?
-4323641
In base 12, what is -45017 - 72a?
-45745
In base 14, what is -5 - -1a935877?
1a935872
In base 3, what is 21212210201212 + -2?
21212210201210
In base 5, what is 20222022 + 32313?
20304340
In base 2, what is -10 - 1100011110010010111111?
-1100011110010011000001
In base 10, what is 92509 - 61?
92448
In base 5, what is 4032100 + 22300?
4104400
In base 4, what is 31330 + -2111000?
-2013010
In base 10, what is -2549984 - -1?
-2549983
In base 13, what is a057c - -159?
a0708
In base 13, what is -15513cb8 - -2?
-15513cb6
In base 4, what is -132200100033 + -3?
-132200100102
In base 3, what is -1 - 11000001011112000?
-11000001011112001
In base 11, what is -2a78994 + -78?
-2a78a61
In base 2, what is -10011010010001101000 - -1111?
-10011010010001011001
In base 5, what is 3 - 230410211341?
-230410211333
In base 7, what is 12042115 + -23?
12042062
In base 13, what is -68b87 - 6b?
-68c25
In base 15, what is -122a1605 - -1?
-122a1604
In base 16, what is -124510cb - 1?
-124510cc
In base 16, what is 25d9c4 - 9?
25d9bb
In base 9, what is -13 + 12084616?
12084603
In base 5, what is 4310203231 + -2?
4310203224
In base 16, what is -2 + -7d9d0dc?
-7d9d0de
In base 9, what is 1684 - -22734?
24528
In base 3, what is -100010 - 200020020001?
-200020120011
In base 15, what is 71725 + -1?
71724
In base 7, what is -5 - 25546045?
-25546053
In base 10, what is -1 - -20963125?
20963124
In base 10, what is -590929 + -9?
-590938
In base 8, what is -36420070 - 253?
-36420343
In base 14, what is -2 + -210a580?
-210a582
In base 2, what is 1000000110 + -1000111011000100?
-1000110010111110
In base 12, what is 1015 - -45640?
46655
In base 9, what is -1271 - 2157?
-3438
In base 15, what is -2088c96 + 5?
-2088c91
In base 3, what is -1012000100011212121 - 11?
-1012000100011212202
In base 13, what is 40c3b - 918?
40323
In base 11, what is 17894 + -1a2?
176a2
In base 10, what is -566746